+ 183. What is the units digit of n?
0
Let o(i) = 0 + 2*i - 2 + 5 - 4. Let h(s) = -s - 7. Let m be h(-9). What is the units digit of o(m)?
3
Let c = 0 - -8. Suppose -c*m + 1139 = -53. What is the units digit of m?
9
Suppose -10026 = -3*n + 9*k - 14*k, 0 = k. What is the thousands digit of n?
3
Let z(w) = -41*w + 65. Let m(c) = -14*c + 22. Let x(y) = 8*m(y) - 3*z(y). What is the tens digit of x(6)?
4
Let d(h) be the first derivative of h**4/4 + h**3/6 - 2*h**2 - 3*h + 8. Let w(v) be the first derivative of d(v). What is the tens digit of w(-4)?
4
Suppose -6 = 2*a + 36. Let d = -20 - a. Suppose -3*x = -d + 7, -i + 78 = x. What is the units digit of i?
0
Let v = -5 + 29. Suppose 15 = n - v. What is the units digit of n?
9
What is the thousands digit of 2387/55*(-100)/(-4)?
1
Suppose -10*v + 857 = -403. What is the tens digit of v?
2
Suppose 0 = 947*y - 946*y - 2592. What is the hundreds digit of y?
5
Suppose -3*v + 0*i - 70 = -4*i, -4*i = -4*v - 88. Let k be v/(-4)*(-14)/21. What is the tens digit of (63/(-15))/(k/15)?
2
Let g be (-12)/(-90) - (-2696)/30. Let y = -12 + g. What is the units digit of y?
8
Let s(a) = -2*a**3 + 5*a**2 + 6*a + 3. Suppose 5*w + 2*b = 9, -4*w = -2*w + 4*b - 10. Let c(l) = -6*l + 4. Let r be c(w). What is the units digit of s(r)?
7
Let v be (-1)/(-4)*1 - (-8)/(-32). Suppose v*h = 10*h - 370. What is the units digit of h?
7
What is the thousands digit of (600/42)/(-10)*-2051?
2
Let q(u) = -u**3 + 22*u**2 + 42*u + 34. What is the units digit of q(22)?
8
Let k be -1 - 42/(3/1). Suppose 3*a - 7 = -10. Let n = a - k. What is the units digit of n?
4
Suppose 0 = -47*q - 4*q + 205122. What is the tens digit of q?
2
Suppose 0 = 5*w - 10*w + 2*x + 43, 2*w - 5*x - 13 = 0. Suppose -4*h - 355 = -w*h - 2*i, -5*h + 375 = -2*i. What is the units digit of h?
3
Suppose -5*a - 3*u + 46 = -0*a, -4*u - 12 = 0. Suppose a = -7*s + 81. What is the units digit of s?
0
Let b = -71 + 99. Suppose 0 = 3*q - q - 50. Let x = b + q. What is the tens digit of x?
5
Suppose -p - 5 = -76. Suppose 0 = -3*o + 509 - p. What is the hundreds digit of o?
1
Let s(v) = 9*v - 7*v - 7 + 5*v**2 - v + v**3 - 7*v. Suppose -o - 2 = -y, 5*o - 2*o - y + 12 = 0. What is the units digit of s(o)?
3
What is the units digit of (2 - -59)*2/8*24?
6
Let g(k) = k**3 + 7*k**2 - 9. Let o be g(-7). Let x = o - 1. Let n(l) = -l**2 - 10*l + 7. What is the units digit of n(x)?
7
Let g be 3 + 2 + 1 + -2. Suppose -5*y + 4*o - 41 = 0, 4*o = -4*y - 0 - g. Let a(u) = u**3 + 5*u**2 - 7*u. What is the units digit of a(y)?
5
Let j(c) = -c**3 + 17*c**2 - 30*c + 32. What is the hundreds digit of j(13)?
3
Let w(q) = 2*q**2 - 4*q - 27. What is the hundreds digit of w(21)?
7
Suppose -4*z = r - 18, 5*r + 9 = 5*z - 1. Suppose -z*q = -0*q. Suppose q = 6*h - h - 50. What is the units digit of h?
0
Let k(r) = -3*r + 0*r**3 - 9 - r**3 + 5 + 12*r**2. Let v be k(6). Suppose -x + 5*f + v = 3*x, 0 = -x - 5*f + 36. What is the units digit of x?
6
Suppose 4*d = 3*k - 316 + 13, 3*k + 2*d - 285 = 0. Let u(t) = -t**2 + 6*t - 2. Let n be u(5). Suppose 4*s = k + n. What is the units digit of s?
5
Suppose 0 = 5*m + l + 91, m - l = -6*l + 1. Let u = -10 - m. Suppose 0 = -v + 3 + u. What is the units digit of v?
2
Suppose 1031*m = 1025*m + 11682. What is the tens digit of m?
4
Let o = -12 - -4. Let b be (-4)/o*6 - -1. Suppose -3*j - 2*m = -44, 40 = -j + b*j - 2*m. What is the units digit of j?
4
Let p = 2 + -2. Suppose -8*a - 2*a = -20. Suppose a*v - v - 20 = p. What is the tens digit of v?
2
Suppose -6*n = -10*n + 16. Suppose n*g + 2*s + 784 = 0, 3*s = -2*s. What is the tens digit of 2/(-8) - g/16?
1
Suppose 14*v - 4*v - 170 = 0. Suppose -5*c + 23 + v = 0. What is the units digit of c?
8
Suppose -37 = 4*y - u - 4, -u = 4*y + 23. Let g = 35 + -18. Let s = g + y. What is the tens digit of s?
1
Let w = 422 - 239. What is the tens digit of w?
8
Let a(v) = v**3 + 12*v**2 - 18*v - 13. Suppose 14 = 5*y + 3*r + 91, 2*r = 4*y + 44. What is the units digit of a(y)?
2
Suppose 530 = -3*x + 2231. What is the hundreds digit of x?
5
Let j be ((-10)/(-3))/(1/(-3)). Let a(b) = 29*b - 73. Let s be a(2). What is the tens digit of s/j*22/3?
1
Let q(i) = 2*i**2 + 3*i + 1. Let g be q(-2). Suppose g = -f + 7. Suppose -4*t = f*l - 56, 4*l - 1 = 2*t + 1. What is the units digit of t?
9
Let k = 32 + 5. Suppose 0 = -2*d + 2*p - 11 + k, -3*p = 3*d - 21. What is the tens digit of d?
1
Let m(q) = -q**2 - q + 22. Let s(p) = -p**2 + 2*p + 1. Let y be s(3). Let c be 6/21 + y/7. What is the tens digit of m(c)?
2
Let s(g) = -11*g - 11. Let u be s(-1). Suppose -5*c - 4*d + 154 = u, 5*c - 2*d = d + 182. What is the units digit of c?
4
Let v be -1*4/(4/(-67)). Suppose v = 2*y - 63. What is the units digit of y?
5
Let m be (-2)/(-4)*10/(-3 + 8). What is the units digit of (m/2*-2)/(-1)*13?
3
Let t = -16 + 21. Let g(w) be the third derivative of w**5/60 - w**4/24 + 5*w**3/6 - 4*w**2. What is the tens digit of g(t)?
2
Suppose -589 + 1609 = 15*k. Suppose x - 4*x - 32 = a, -2*a - 68 = 2*x. Let g = k + a. What is the tens digit of g?
3
Let p(c) = -33*c - 1. Let n be p(-1). Suppose 2*b + 24 + n = 0. Let z = b - -71. What is the units digit of z?
3
Let l(v) = 2*v**3 - 11*v**2 - 8*v + 5. Let s be l(8). Suppose 0 = 4*j - 3 - s. What is the units digit of j?
6
Let i(r) = 1 - 3*r + 2*r + 3 + r**3. Let x be (-12)/(-16) + 24/(-32). What is the units digit of i(x)?
4
Suppose 2*c - 142 = 2*t + 94, -t + 221 = 2*c. What is the units digit of c?
3
Let y(l) = -2*l**3 - 4*l**2 - 22*l - 90. What is the thousands digit of y(-9)?
1
Let x(d) = -3*d**3 + 54*d**2 + 56*d + 3. Let w(v) = -v**3 + 18*v**2 + 19*v + 1. Let c(k) = 7*w(k) - 2*x(k). What is the units digit of c(19)?
9
Let z(f) = f**3 + 19*f**2 - f - 14. Let h be z(-19). Suppose -5*y = 5*a - 320, -h*a - 87 + 407 = 4*y. What is the tens digit of a?
6
Let m(r) = 3*r - 11. Let o be m(-10). Let u = 101 + o. What is the tens digit of u?
6
Let b be 22/8 - (-9)/36. Let a = b + 4. Suppose -3*g + 12 = 0, a*r + 5*g = 3*r + 136. What is the units digit of r?
9
Suppose 0 = -93*h + 96*h + 63. What is the units digit of (27/h)/(-3) + 22/14?
2
Let c(d) = 4*d + 25*d - 2 - 2. What is the units digit of c(3)?
3
Let b be -4*(5 - 50/8). Suppose 15*y - b*y = 2570. What is the units digit of y?
7
Let z be 154/8 - (-12)/(-48). What is the units digit of (z/(-2))/(8/(-16))?
9
Suppose -19*p + 851 = -821. What is the tens digit of p?
8
Let o(d) = 41*d**2 + 25*d + 190. What is the thousands digit of o(-7)?
2
Suppose -2*s = m - 5, -5*m + 2 + 23 = 0. Suppose -5*x = -s*x + 10. Let b = x - -30. What is the tens digit of b?
2
Let d(c) = -12*c - 3*c - 54 + 21*c. What is the units digit of d(20)?
6
Let p be (2 + 0)/((-3)/(-6)). Let i be 8 - 6*p/8. Suppose i*w - 22 = -3*s, s - 44 = -3*s - 3*w. What is the tens digit of s?
1
What is the tens digit of -10 + 8 + 1 - (-1 - 151)?
5
Suppose -900 = 11*x - 29*x. Suppose -4*z + 71 = t - x, -639 = -5*t - 3*z. What is the hundreds digit of t?
1
Suppose -5*x = 5*w - 33 + 13, 5*x = 3*w - 52. Let d(h) = -w + 0 + 1 + 2*h + h. What is the units digit of d(5)?
7
Let g(h) = h**3 - 12*h**2 + 4*h + 6. What is the hundreds digit of g(14)?
4
Suppose 0 = 18*p + 3*p - 28224. What is the hundreds digit of p?
3
Suppose 4*l - 9 + 189 = 3*o, 131 = 2*o + l. Let t = 102 - o. What is the units digit of t?
8
Suppose 53 = d + 3*l, d - 5*l - 53 = -0*d. Let v = d + -3. What is the tens digit of v?
5
Let c = 69 - 23. Let o = c - 35. What is the units digit of o?
1
Let n be 7 + 10/(-2) + 3 + -2. Suppose -n*l + 0*g - g + 122 = 0, -4*l - g = -164. What is the tens digit of l?
4
Suppose 0 = -p + 3*p. Let g be (p + 0)*4/(-4). Suppose -5*q + 5*w + 25 = g, -2*w - 7 = -q - 0. What is the units digit of q?
3
Let i(y) = 12*y**3 - 2*y**2 + 2*y**2 - 20*y**3 - 2 - 3*y. What is the units digit of i(-1)?
9
Let m = 1616 - 1107. What is the hundreds digit of m?
5
Let d(f) = -f**3 + 20*f**2 - 25*f - 12. What is the units digit of d(18)?
6
Let u = 8 + -10. Let n = 2 + u. Suppose 4*t = -n*t + 32. What is the units digit of t?
8
What is the hundreds digit of ((-22662)/(-90))/((-4)/(80/(-4)))?
2
Suppose -2*l = -8 + 4. Let x be (3 - 0 - l)*1. What is the tens digit of (21/35)/(x/45)?
2
Suppose 25*i - 13084 = 21*i. What is the units digit of i?
1
Let k(h) = -74*h